s the remainder when a is divided by 13?
11
Let y be (-400)/(-4)*(9/2 + -4). What is the remainder when 143 is divided by y/20 + -2 - (-95)/2?
47
Suppose 4*q - 9 = -m + 13, 53 = 2*m - q. Let o = -3680 - -3801. Calculate the remainder when o is divided by m.
17
Let n = -177 - -519. Suppose 0 = -5*k + 3*w + n, -4*w = -2 - 2. What is the remainder when 412 is divided by k?
67
Let s = 449 + -446. Let l(b) = -b**3 + 6*b**2 + 7*b + 8. What is the remainder when l(s) is divided by 15?
11
What is the remainder when 154 is divided by (5/60)/((-1)/(-36))?
1
Suppose -t = -v + 47, 4*v = -t + 129 + 89. Let y(f) = -f**3 + 13*f**2 + 19. Calculate the remainder when v is divided by y(13).
15
Let t(g) = -4*g**2 + 12*g + 69. Let d be t(-6). Let f = -141 - d. Calculate the remainder when 45 is divided by f.
3
Let t(b) = b + 80. Let r be t(0). Let n = -2748 + 2748. Suppose -5*o + o + r = n. What is the remainder when 36 is divided by o?
16
Let w(p) = -17*p - 27*p + 33*p - 96. Calculate the remainder when 212 is divided by w(-12).
32
Calculate the remainder when 188 - ((-56)/(-252) - 330/27) is divided by 188.
12
Suppose 0 = -5*c + 10, 0*d - 4*d + 104 = -4*c. Suppose 10*n - 4*n = 156. Calculate the remainder when d is divided by 195/n + (-4)/((-8)/3).
1
Suppose 3*d + 4*f = 2*f + 1503, 3*f = 4*d - 2038. What is the remainder when d is divided by 39?
37
Let g(i) = -i - 4. Let d be g(-23). Suppose -3*u - 5 = -2, 2*c + u = d. Calculate the remainder when 147 is divided by c.
7
Let n be (-2073)/(-39) - 2/13. Let m = n + -47. What is the remainder when 12 is divided by m?
0
Let w = -798 - -935. What is the remainder when 257 is divided by w?
120
Let o = -1040 + 1442. What is the remainder when o is divided by 17?
11
Let r = 929 + -176. What is the remainder when r is divided by 52?
25
Let t be 1 + -300 - 5 - -2. Let r = t - -407. What is the remainder when r is divided by 28?
21
Suppose -16*h + 24 = h - 180. Suppose -4*y = -4*p - 88, 3*p = 2*p - 2. Calculate the remainder when y is divided by h.
8
Calculate the remainder when (0/2 - -6)/(3621/176222) is divided by 145.
2
Let b(f) = 17*f - 26. Let k(w) = 49*w - 77. Let s(v) = -8*b(v) + 3*k(v). What is the remainder when s(8) is divided by (-6)/5 + 1 + (-2064)/(-120)?
14
Let p(a) = a**3 - 4*a**2 + 7*a - 6. Suppose -45 = -u - 4*u, 0 = 5*q + 5*u - 360. Calculate the remainder when q is divided by p(4).
19
What is the remainder when 186 is divided by 48 - 4/((-1)/1)?
30
Suppose -4*u + 293 - 37 = 0. What is the remainder when 243 is divided by u?
51
Let g(i) = -12*i - 66. Let v(r) = 6*r + 33. Let q(p) = 4*g(p) + 9*v(p). What is the remainder when 24 is divided by q(-5)?
0
Suppose -3*p + 108 = w, 3*w + 48*p = 45*p + 360. Calculate the remainder when 422 is divided by w.
44
Let y(k) = -31*k - 562. Calculate the remainder when y(-20) is divided by 5.
3
Suppose 84 = 4*n + 5*z, z = -n - 4*z + 6. Let t(r) = 10*r**2 - 10*r + 9. Let l be t(3). Suppose 11*f - 30 = l. What is the remainder when n is divided by f?
8
Suppose 70*g = -40*g + 210760. Calculate the remainder when g is divided by 13.
5
Let s(d) = 21 + 0 + 6 - 2*d**2 + 27*d. Calculate the remainder when s(13) is divided by 9.
4
Suppose -5*s + 5 + 10 = 0. Let g be 6/9*3*s/2. Suppose 9*o - g*o = 54. Calculate the remainder when 53 is divided by o.
8
Let o(j) = 9*j + 46. Let b be o(-2). Suppose q - 19 = b. Let m(l) = l**2 - l + 5. What is the remainder when q is divided by m(-4)?
22
Let a = 9740 + -9734. What is the remainder when 8 - -3 - (-4)/1 is divided by a?
3
Let m = 20299 - 16988. What is the remainder when m is divided by 36?
35
What is the remainder when 2*(-40216)/(-8 - 3) is divided by 71?
70
Let p = -577 - -575. Calculate the remainder when 51 + ((-68)/(-14) - p/14) is divided by 29.
27
Let j = -4185 - -4677. Calculate the remainder when j is divided by 48.
12
Let v(n) = 8*n**2 - 14*n + 7. Let l be 416/68 + 6/(-51). Calculate the remainder when v(l) is divided by 24.
19
Let m be (-7 + (-1 - -2))*(-78)/(-13). Calculate the remainder when 4*(-3)/(m/(-15)) - -80 is divided by 31.
13
Let r = 3850 - 3683. What is the remainder when 362 is divided by r?
28
Let v be -109 + -5 + (9 + -3 - -3). Calculate the remainder when ((-1610)/v)/(2/6) is divided by 2/(-2) - (2 - 15).
10
Suppose -369 = 5528*a - 5537*a. Calculate the remainder when 172 is divided by a.
8
Suppose -82 = -5*b - 4*u + 97, -b = 5*u - 61. Suppose 2*m = -0*m + 260. Let r = 220 - m. Calculate the remainder when r is divided by b.
28
What is the remainder when 2647 is divided by 129 - (-31 - (-4 - 17))?
6
Suppose 3*f = -62 + 3254. What is the remainder when f is divided by 352?
8
Let u(l) = 58*l**2 - l - 1. Let i be u(-1). Let o = -55 + i. Let c(j) = 6*j - 7. Calculate the remainder when 42 is divided by c(o).
9
Calculate the remainder when 2498 is divided by (6/(-34) - 4325/(-425)) + 156.
8
What is the remainder when -7 - ((-34122)/(-11))/(-11) is divided by 22?
11
Suppose 0*t + 4*t - 12 = 0. Suppose -2*m - j = 13 - 1, 0 = -t*m - 2*j - 16. Let i(g) = -7*g + 31. Calculate the remainder when i(m) is divided by 13.
9
Let l = -460 - -517. Suppose 0 = -6*k + 123 + l. What is the remainder when 327 is divided by k?
27
Suppose 6 = -3*c - 3*b, -c + b = -b - 10. Let x(s) = 0 + s + 6 - 9*s - c. Calculate the remainder when x(-7) is divided by 7.
4
Let g(b) be the second derivative of 0 - 4*b**2 + 6*b + 1/6*b**4 - 1/6*b**3. What is the remainder when g(-5) is divided by 25?
22
Calculate the remainder when 1296 is divided by (42/10)/((-252)/(-5880)).
22
Suppose -2*s - 11*s + 54200 = -14414. Calculate the remainder when s is divided by 132.
130
Suppose -t = -6*t + 5625. Calculate the remainder when t/(-150)*(1 - 11/3) is divided by 7.
6
Suppose c = -3, m + 3*m = -2*c + 26. Suppose -m*u = -103 - 1. Suppose u*f = 16*f - 42. What is the remainder when 51 is divided by f?
9
Let y(v) = v**2 - 23. Suppose 5*m - 40 = -3*q, 5*q + 33*m - 56 = 30*m. What is the remainder when 382 is divided by y(q)?
74
Suppose -146*s + 145*s - 2 = 0, 5*m = s + 992. Calculate the remainder when m is divided by 107.
91
Let r be (1 - 6)*(-5 + 4). Suppose -r*a + 40 = 5. What is the remainder when 14 is divided by 2 + (-6)/4 - a/(-2)?
2
Let q(l) = 10*l - 52. Let f be q(12). What is the remainder when 3/(-4)*(f/(-2) - 6) is divided by 11?
8
Let n(s) = -s**2 + 15*s + 496. Let w = -33 + 49. Calculate the remainder when n(-15) is divided by w.
14
Let m = -8637 - -9681. Calculate the remainder when m is divided by 1036.
8
Suppose 4*g = i - 22, 0 = 5*g + 7 + 18. Suppose l + 2*y - 183 = -i*y, 3*l = 3*y + 489. What is the remainder when l is divided by 43?
38
Suppose -40 = -5*p + 4*s, -3*p - 779 = -5*s - 790. What is the remainder when p is divided by 1*(-1)/(-2)*4?
0
Let v(k) = k**2 - 131*k - 1403. What is the remainder when 867 is divided by v(-10)?
6
Let i(b) = 34*b - 6. Let f be i(3). Let g = -91 + f. Suppose 0 = -5*j - g*k + k + 146, 0 = -2*j - 2*k + 60. Calculate the remainder when j is divided by 6.
2
Let f = -85 - -173. Suppose f = -2*b + 6*b. Suppose -225 = -82*z - 19*z + 987. Calculate the remainder when b is divided by z.
10
Let w(h) = -h**3 + 4*h**2 + 3*h + 1. Suppose -13*u + 9*u = -12. Let k be (-3 + 1)/(5 - u) - -4. What is the remainder when 32 is divided by w(k)?
13
Suppose 0 = 34*f + 690 - 7354. Calculate the remainder when f is divided by 119.
77
Suppose -3*v - 175 = -4*i, -i = -4*i + 4*v + 140. Suppose 13*n + 646 - 2867 = -791. What is the remainder when n is divided by i?
30
Suppose -144*h + 9321 = 3*k - 147*h, -6214 = -2*k - h. Calculate the remainder when 9327 is divided by k.
6
Let a(f) = 2*f**3 + 18*f**2 + 27*f - 36. Calculate the remainder when 49 is divided by a(-6).
13
Suppose -h + 27 = -3*t - 19, 5*h + 3*t - 140 = 0. What is the remainder when 67 is divided by h?
5
Let c = -23 - 1. Let r be (2/3 - -1) + (-8)/c. Suppose -r*q = -3*q + 12. Calculate the remainder when 93 is divided by q.
9
Let u = -37 - -60. Suppose 3*g - 17 = -5*d + 43, 2*d + 2*g = 28. Calculate the remainder when u is divided by d.
5
Let u(d) = d**2 - 17*d + 51. Let m be u(4). Let y(a) = 11*a**2 - 2*a + 1. What is the remainder when 38 is divided by y(m)?
10
Let d(j) = j**3 - 51*j**2 + 230*j + 18. Calculate the remainder when 28 is divided by d(46).
10
Suppose -2*v = 